ate the remainder when 19015 is divided by 77.
73
Calculate the remainder when 21393 is divided by 164.
73
Calculate the remainder when 36625 is divided by 523.
15
What is the remainder when 299 is divided by 71?
15
Calculate the remainder when 16853 is divided by 249.
170
What is the remainder when 815175 is divided by 11?
9
Calculate the remainder when 10423 is divided by 151.
4
What is the remainder when 35224 is divided by 17607?
10
Calculate the remainder when 45419 is divided by 5675.
19
Calculate the remainder when 22479 is divided by 43.
33
Calculate the remainder when 1170 is divided by 122.
72
Calculate the remainder when 1139 is divided by 350.
89
What is the remainder when 3575 is divided by 343?
145
Calculate the remainder when 6325 is divided by 1627.
1444
Calculate the remainder when 1132423 is divided by 493.
2
What is the remainder when 401 is divided by 141?
119
Calculate the remainder when 932 is divided by 830.
102
What is the remainder when 20768 is divided by 945?
923
What is the remainder when 43139 is divided by 245?
19
Calculate the remainder when 37511 is divided by 61.
57
What is the remainder when 818016 is divided by 27?
24
What is the remainder when 3643 is divided by 540?
403
Calculate the remainder when 5977 is divided by 22.
15
Calculate the remainder when 823313 is divided by 411654.
5
Calculate the remainder when 73032 is divided by 106.
104
Calculate the remainder when 30325 is divided by 530.
115
What is the remainder when 21025 is divided by 277?
250
Calculate the remainder when 16197 is divided by 182.
181
Calculate the remainder when 36941 is divided by 42.
23
Calculate the remainder when 114081 is divided by 114078.
3
Calculate the remainder when 6371 is divided by 22.
13
Calculate the remainder when 321438 is divided by 1120.
1118
Calculate the remainder when 8037 is divided by 1730.
1117
Calculate the remainder when 146 is divided by 40.
26
Calculate the remainder when 2549 is divided by 50.
49
Calculate the remainder when 13563 is divided by 17.
14
Calculate the remainder when 8173 is divided by 8153.
20
Calculate the remainder when 62035 is divided by 18.
7
Calculate the remainder when 53488 is divided by 172.
168
Calculate the remainder when 278774 is divided by 479.
475
What is the remainder when 7150 is divided by 73?
69
Calculate the remainder when 1129439 is divided by 1369.
14
Calculate the remainder when 3139422 is divided by 10.
2
Calculate the remainder when 7170 is divided by 1766.
106
Calculate the remainder when 132428 is divided by 62.
58
Calculate the remainder when 4571110 is divided by 28.
26
What is the remainder when 9069 is divided by 1511?
3
What is the remainder when 1512 is divided by 377?
4
Calculate the remainder when 22690 is divided by 76.
42
Calculate the remainder when 1109268 is divided by 48228.
24
What is the remainder when 4549 is divided by 490?
139
What is the remainder when 14463 is divided by 598?
111
What is the remainder when 76993 is divided by 646?
119
Calculate the remainder when 41341 is divided by 530.
1
Calculate the remainder when 10967 is divided by 6.
5
What is the remainder when 67185 is divided by 6718?
5
Calculate the remainder when 2672 is divided by 271.
233
What is the remainder when 236832 is divided by 27?
15
What is the remainder when 5147055 is divided by 21?
18
What is the remainder when 996831 is divided by 35?
31
What is the remainder when 75904 is divided by 53?
8
What is the remainder when 26448 is divided by 143?
136
What is the remainder when 202383 is divided by 758?
755
What is the remainder when 2973 is divided by 380?
313
What is the remainder when 13553 is divided by 2703?
38
Calculate the remainder when 24812 is divided by 139.
70
Calculate the remainder when 46415 is divided by 1218.
131
What is the remainder when 15671 is divided by 15?
11
Calculate the remainder when 2154554 is divided by 258.
254
Calculate the remainder when 29265 is divided by 450.
15
Calculate the remainder when 23379 is divided by 23244.
135
What is the remainder when 1061 is divided by 388?
285
Calculate the remainder when 9996 is divided by 2959.
1119
What is the remainder when 5823 is divided by 25?
23
What is the remainder when 1201522 is divided by 13?
10
What is the remainder when 1959 is divided by 196?
195
Calculate the remainder when 4021 is divided by 1919.
183
Calculate the remainder when 83642 is divided by 27.
23
What is the remainder when 39009 is divided by 3539?
80
Calculate the remainder when 6691 is divided by 745.
731
Calculate the remainder when 12993 is divided by 73.
72
What is the remainder when 894 is divided by 646?
248
Calculate the remainder when 24730 is divided by 215.
5
What is the remainder when 66090 is divided by 7?
3
Calculate the remainder when 2621 is divided by 630.
101
Calculate the remainder when 9869598 is divided by 263.
260
Calculate the remainder when 69590 is divided by 156.
14
Calculate the remainder when 46276 is divided by 2890.
36
Calculate the remainder when 160427 is divided by 53.
49
Calculate the remainder when 2230 is divided by 712.
94
Calculate the remainder when 21739 is divided by 395.
14
Calculate the remainder when 740445 is divided by 32.
29
Calculate the remainder when 66596 is divided by 16643.
24
Calculate the remainder when 16832 is divided by 16810.
22
What is the remainder when 10541 is divided by 245?
6
Calculate the remainder when 6182 is divided by 1138.
492
What is the remainder when 296682 is divided by 91?
22
Calculate the remainder when 6249 is divided by 7.
5
What is the remainder when 1120212 is divided by 345?
342
What is the remainder when 385 is divided by 259?
126
What is the remainder when 46204 is divided by 46121?
83
Calculate the remainder when 5688 is divided by 270.
18
What is the remainder when 9720 is divided by 187?
183
What is the remainder when 1023 is divided by 247?
35
Calculate the remainder when 5517 is divided by 193.
113
Calculate the remainder when 11052 is divided by 5522.
8
Calculate the remainder when 5777 is divided by 175.
2
What is the remainder when 5475 is divided by 5425?
50
What is the remainder when 2338 is divided by 2287?
51
Calculate the remainder when 28318 is divided by 858.
4
What is the remainder when 15223 is divided by 544?
535
Calculate the remainder when 19252 is divided by 9519.
214
What is the remainder when 759 is divided by 337?
85
Calculate the remainder when 2796 is divided by 916.
48
What is the remainder when 38227 is divided by 2544?
67
What is the remainder when 11125 is divided by 87?
76
What is the remainder when 30436 is divided by 132?
76
Calculate the remainder when 158198 is divided by 200.
198
Calculate the remainder when 66530 is divided by 8315.
10
What is the remainder when 21025 is divided by 122?
41
Calculate the remainder when 87677 is divided by 43800.
77
Calculate the remainder when 9446 is divided by 175.
171
What is the remainder when 164 is divided by 35?
24
What is the remainder when 10516 is divided by 1167?
13
Calculate the remainder when 20276 is divided by 14.
4
What is the remainder when 143231 is divided by 19?
9
What is the remainder when 75339 is divided by 87?
84
Calculate the remainder when 44520 is divided by 14826.
42
What is the remainder when 24890 is divided by 87?
8
What is the remainder when 2642 is divided by 40?
2
What is the remainder when 32639 is divided by 68?
67
Calculate the remainder when 63608 is divided by 38.
34
Calculate the remainder when 139137 is divided by 1880.
17
Calculate the remainder when 2048 is divided by 736.
576
What is the remainder when 762820 is divided by 63568?
4
What is the remainder when 6581 is divided by 18?
11
Calculate the remainder when 119991 is divided by 29996.
7
What is the remainder when 12901 is divided by 92?
21
What is the remainder when 40557 is divided by 255?
12
What is the remainder when 427604 is divided by 47?
45
What is the remainder when 21885 is divided by 3048?
549
Calculate the remainder when 52667 is divided by 28.
27
Calculate the remainder when 8291 is divided by 2752.
35
Calculate the remainder when 222173 is divided by 111083.
7
Calculate the remainder when 98669 is divided by 70.
39
Calculate the remainder when 902895 is divided